 9836383?
9
What is the millions digit of 23247948?
3
What is the hundred thousands digit of 1522886?
5
What is the hundreds digit of 76219644?
6
What is the ten millions digit of 803519238?
0
What is the ten millions digit of 4991874383?
9
What is the hundred millions digit of 605769996?
6
What is the hundred millions digit of 4543208355?
5
What is the units digit of 3479788158?
8
What is the hundred thousands digit of 2030082951?
0
What is the hundred thousands digit of 102562680?
5
What is the hundreds digit of 1461140253?
2
What is the ten thousands digit of 37186990?
8
What is the hundred thousands digit of 560518333?
5
What is the tens digit of 757900680?
8
What is the ten millions digit of 26105611?
2
What is the hundred thousands digit of 232792412?
7
What is the thousands digit of 131746909?
6
What is the ten millions digit of 71120486?
7
What is the ten millions digit of 963329303?
6
What is the hundreds digit of 18638326?
3
What is the hundred thousands digit of 5390913?
3
What is the hundred thousands digit of 26074866?
0
What is the hundred thousands digit of 75188747?
1
What is the tens digit of 31957895?
9
What is the hundred millions digit of 1477492603?
4
What is the thousands digit of 6185719959?
9
What is the hundred thousands digit of 74623602?
6
What is the hundreds digit of 20821223?
2
What is the thousands digit of 1951617358?
7
What is the hundreds digit of 842377533?
5
What is the millions digit of 5032973933?
2
What is the ten thousands digit of 2538017176?
1
What is the ten millions digit of 558566662?
5
What is the hundred thousands digit of 2947826950?
8
What is the thousands digit of 542177843?
7
What is the tens digit of 41571445?
4
What is the hundred millions digit of 1812287209?
8
What is the thousands digit of 32353536?
3
What is the ten millions digit of 263702343?
6
What is the ten millions digit of 45983340?
4
What is the units digit of 1868145651?
1
What is the ten thousands digit of 681555770?
5
What is the hundreds digit of 16459285?
2
What is the hundred thousands digit of 590903371?
9
What is the thousands digit of 2674504496?
4
What is the thousands digit of 257461009?
1
What is the millions digit of 410900343?
0
What is the thousands digit of 505844986?
4
What is the thousands digit of 41317701?
7
What is the hundreds digit of 685063183?
1
What is the thousands digit of 491033708?
3
What is the millions digit of 830319181?
0
What is the millions digit of 1129292323?
9
What is the ten millions digit of 294268337?
9
What is the ten millions digit of 62773946?
6
What is the ten thousands digit of 103467471?
6
What is the hundred millions digit of 1069873885?
0
What is the tens digit of 58638737?
3
What is the ten millions digit of 767104108?
6
What is the millions digit of 65915380?
5
What is the units digit of 36027319?
9
What is the thousands digit of 430414067?
4
What is the ten thousands digit of 1004185424?
8
What is the billions digit of 2445563785?
2
What is the units digit of 46397596?
6
What is the units digit of 19548258?
8
What is the units digit of 1130039?
9
What is the units digit of 2947825242?
2
What is the thousands digit of 192299496?
9
What is the tens digit of 673955324?
2
What is the millions digit of 44399443?
4
What is the units digit of 89094707?
7
What is the hundreds digit of 4269799809?
8
What is the thousands digit of 22767435?
7
What is the units digit of 609943919?
9
What is the hundreds digit of 5485970?
9
What is the hundred thousands digit of 30545894?
5
What is the thousands digit of 1109329215?
9
What is the ten thousands digit of 1193399554?
9
What is the units digit of 2832504123?
3
What is the hundred thousands digit of 755790919?
7
What is the ten millions digit of 4006936307?
0
What is the ten millions digit of 20624921?
2
What is the units digit of 16924038?
8
What is the thousands digit of 5235089931?
9
What is the hundreds digit of 1482229073?
0
What is the ten millions digit of 489220680?
8
What is the tens digit of 321138385?
8
What is the ten thousands digit of 5815975?
1
What is the millions digit of 215417416?
5
What is the ten millions digit of 75181973?
7
What is the ten thousands digit of 39013909?
1
What is the millions digit of 1185739951?
5
What is the millions digit of 3520598766?
0
What is the ten thousands digit of 13061851?
6
What is the hundred thousands digit of 21557034?
5
What is the millions digit of 934256844?
4
What is the hundred millions digit of 2205944172?
2
What is the hundred millions digit of 323488870?
3
What is the tens digit of 130120308?
0
What is the hundreds digit of 789264504?
5
What is the billions digit of 4035000692?
4
What is the hundreds digit of 148853158?
1
What is the tens digit of 11367266?
6
What is the units digit of 35848924?
4
What is the ten millions digit of 104319551?
0
What is the thousands digit of 1075294228?
4
What is the ten thousands digit of 206174386?
7
What is the units digit of 12138277?
7
What is the hundred millions digit of 358010278?
3
What is the hundred thousands digit of 50447807?
4
What is the tens digit of 932548722?
2
What is the thousands digit of 285785434?
5
What is the ten millions digit of 1030919527?
3
What is the hundreds digit of 2403941359?
3
What is the ten millions digit of 3901004297?
0
What is the ten millions digit of 86322421?
8
What is the ten millions digit of 176152333?
7
What is the thousands digit of 41458245?
8
What is the hundreds digit of 23313589?
5
What is the ten millions digit of 3944277631?
4
What is the millions digit of 2401657379?
1
What is the ten millions digit of 5548998244?
4
What is the units digit of 498609816?
6
What is the hundred thousands digit of 893781997?
7
What is the hundred thousands digit of 597112793?
1
What is the ten millions digit of 992076757?
9
What is the ten thousands digit of 294561371?
6
What is the hundred thousands digit of 64588531?
5
What is the tens digit of 776119563?
6
What is the units digit of 105014836?
6
What is the ten thousands digit of 94129009?
2
What is the tens digit of 4229242?
4
What is the thousands digit of 704167710?
7
What is the units digit of 415684135?
5
What is the hundreds digit of 89972943?
9
What is the millions digit of 530604543?
0
What is the ten thousands digit of 83606202?
0
What is the hundred millions digit of 2770856404?
7
What is the hundreds digit of 1244765741?
7
What is the ten thousands digit of 53069955?
6
What is the millions digit of 521396283?
1
What is the ten millions digit of 1619955227?
1
What is the units digit of 140797447?
7
What is the hundred millions digit of 292113038?
2
What is the hundreds digit of 255420735?
7
What is the millions digit of 18694869?
8
What is the ten millions digit of 70975418?
7
What is the millions digit of 1692568063?
2
What is the thousands digit of 166462920?
2
What is the hundred thousands digit of 24094458?
0
What is the millions digit of 51631265?
1
What is the ten millions digit of 616478126?
1
What is the tens digit of 61095954?
5
What is the units digit of 258591077?
7
What is the ten thousands digit of 80210445?
1
What is the ten millions digit of 188785204?
8
What is the ten millions digit of 3387150293?
8
What is the ten millions digit of 201677473?
0
What is the hundreds digit of 341243247?
2
What is the hundred thousands digit of 118144947?
1
What is the units digit of 35535816?
6
What is the units digit of 7041559029?
9
What is the tens digit of 720234080?
8
What is the hundred millions digit of 4164245456?
1
What is the ten millions digit of 2157361462?
5
What is the ten thousands digit of 37606905?
0
What is the units digit of 87354239?
9
What is the hundred thousands digit of 51224702?
2
What is the ten millions digit of 389419697?
8
What is the ten thousands digit of 151557888?
5
What is the hundred millions digit of 4107045244?
1
What is the millions digit of 1093174072?
3
What is the hundreds digit of 4695327116?
1
What is the thousands digit of 1247118037?
8
What is the units digit of 5787521951?
1
What is the thousands digit of 2960837616?
7
What is the ten millions digit of 219468399?
1
What is the units digit of 1140046423?
3
What is the ten millions digit of 1248762263?
4
What is the thousands digit of 15453124?
3
What is t